 - 23*q - 38. What is f(9)?
-2
Let s(h) = -22*h - 1976. Calculate s(-90).
4
Let t(p) = 11*p**2 - 213*p + 23. Calculate t(20).
163
Let b(q) = 29*q + 326. Calculate b(-30).
-544
Let m(y) = -379*y + 6979. Give m(18).
157
Let y(n) = -n**3 + 33*n**2 - 190*n - 77. Calculate y(8).
3
Let o(h) = 80*h - 544. What is o(7)?
16
Let h(i) = 8*i**2 - 368*i. Calculate h(46).
0
Let x(k) = -4*k**3 + 82*k**2 - 42*k - 1. Determine x(20).
-41
Let r(w) = -9*w + 78. Determine r(7).
15
Let x(m) = 7*m - 271. What is x(46)?
51
Let z(w) = -12*w**2 - 900*w - 8. Give z(-75).
-8
Let a(z) = -3*z**2 - 17*z + 112. Give a(7).
-154
Let q(w) = w + 9. Determine q(7).
16
Let l(w) = w**2 + 45*w + 48. Calculate l(-9).
-276
Let g(r) = -37*r + 366. Give g(11).
-41
Let j(s) = 7*s + 60. What is j(-7)?
11
Let r(m) = 2*m**2 + 14*m + 37. Determine r(-9).
73
Let h(z) = z**2 + 6*z + 19. Give h(-19).
266
Let g(t) = 106*t + 153. What is g(-1)?
47
Let u(n) = -2*n**3 - 16*n**2 - 34*n - 32. What is u(-5)?
-12
Let y(l) = -4*l**2 - 116*l + 43. Determine y(-29).
43
Let t(d) = -22*d**2 + 86*d - 3. Give t(4).
-11
Let v(f) = -2*f**2 - 102*f + 65. Determine v(-52).
-39
Let i(d) = -2*d**3 + 24*d**2 - 41*d - 198. Calculate i(9).
-81
Let n(r) = 3*r**3 + 36*r**2 + 54*r - 90. Determine n(-10).
-30
Let n(t) = t**3 - 32*t**2 + 258*t - 28. What is n(16)?
4
Let k(q) = -109*q**2 - 8*q + 1. Calculate k(1).
-116
Let g(o) = -5*o**2 - 8*o + 32. Determine g(2).
-4
Let w(p) = -p**2 - 395*p + 2028. Give w(5).
28
Let w(n) = 2*n**2 + 98*n - 110. Give w(-50).
-10
Let h(o) = -648*o + 1301. What is h(2)?
5
Let a(p) = 202*p - 9493. What is a(47)?
1
Let c(x) = -x**3 - 45*x**2 + 34*x - 542. What is c(-46)?
10
Let t(s) = s**3 - 17*s**2 + 12*s + 55. What is t(16)?
-9
Let o(c) = -c**3 - 30*c**2 - 159*c - 56. Determine o(-23).
-102
Let f(y) = -y**2 - 237*y + 2968. What is f(12)?
-20
Let j(r) = 85*r**2 - 13*r + 2. Give j(1).
74
Let t(j) = 529*j**2 + 35*j - 34. What is t(1)?
530
Let g(w) = 131*w - 1799. Calculate g(14).
35
Let m(y) = -y**2 + 397*y - 28084. Determine m(305).
-24
Let o(p) = p**2 - 53*p + 257. Calculate o(5).
17
Let j(m) = -52*m + 4685. Calculate j(91).
-47
Let s(f) = 2*f**3 - 129*f**2 + 189*f - 12. Calculate s(63).
-12
Let z(g) = -3*g**3 + 200*g**2 + 68*g - 100. Determine z(67).
-33
Let r(j) = 3*j**3 - 23*j**2 - 10*j - 1. What is r(8)?
-17
Let w(u) = 2*u**2 + 39*u + 184. Calculate w(-13).
15
Let o(g) = -12*g**3 - 93*g**2 - 2*g - 1. Give o(0).
-1
Let c(g) = 2*g**3 - 17*g**2 - 10*g + 26. What is c(9)?
17
Let s(j) = -4*j**2 - 8*j - 28. Determine s(-3).
-40
Let f(a) = -2*a**3 - 18*a**2 + 61*a + 454. Give f(-10).
44
Let q(d) = d**3 + 9*d**2 - 14*d - 6. What is q(-10)?
34
Let i(q) = 6*q**3 - 19*q**2 + q + 3. Give i(3).
-3
Let f(p) = p**3 - 30*p**2 - 99*p + 35. Calculate f(33).
35
Let d(r) = 10*r**3 - 109*r**2 + 8. Calculate d(11).
129
Let u(t) = -28*t**3 - t**2 - 3*t + 2. Calculate u(1).
-30
Let b(t) = 196*t + 10. Determine b(-1).
-186
Let v(m) = -218*m + 227. What is v(1)?
9
Let h(y) = -484*y + 2391. What is h(5)?
-29
Let s(x) = -x**2 - 35*x - 196. Calculate s(-26).
38
Let c(i) = 19*i + 222. What is c(-11)?
13
Let h(p) = 163*p - 2370. Calculate h(11).
-577
Let a(w) = 13*w**3 - 5*w**2 - 94*w + 292. Give a(3).
316
Let y(w) = -27*w + 644. What is y(22)?
50
Let y(g) = -9*g**2 - 55*g - 69. Calculate y(-5).
-19
Let r(m) = -75*m - 6. Calculate r(-3).
219
Let t(q) = 3*q**3 + 12*q - 13. What is t(2)?
35
Let t(s) = -s**3 - 178*s**2 + 363*s + 539. What is t(-180)?
-1
Let x(p) = -2*p**2 - 742*p - 49809. Calculate x(-283).
-1
Let l(n) = -15*n**2 - 80*n + 304. Determine l(4).
-256
Let k(z) = 2763*z - 16613. What is k(6)?
-35
Let f(i) = -15*i + 322. Give f(19).
37
Let r(m) = 67*m - 632. Calculate r(10).
38
Let v(c) = -5*c**2 + 996*c + 14684. What is v(213)?
-13
Let m(a) = 24*a + 2455. What is m(-107)?
-113
Let k(r) = -18*r**3 + 1315*r**2 - 88*r + 1092. Calculate k(73).
-3
Let i(x) = -x**3 + 35*x**2 + 58*x + 424. Give i(37).
-168
Let g(m) = m**2 - 13*m - 93. Give g(14).
-79
Let j(z) = -288*z + 868. Give j(3).
4
Let f(d) = -7*d**2 + 24*d - 13. Give f(10).
-473
Let l(y) = 101*y**3 + 8*y**2 + 5*y - 2. Calculate l(-1).
-100
Let h(v) = v**2 + 45*v + 269. Give h(-10).
-81
Let g(z) = 2*z**2 - 38*z + 137. What is g(13)?
-19
Let p(i) = 144*i + 9434. Give p(-65).
74
Let n(g) = -307*g + 2767. Give n(9).
4
Let x(r) = r**3 - 109*r**2 + 620*r - 145. What is x(103)?
61
Let t(q) = q**3 - 33*q**2 - 243*q + 361. What is t(39)?
10
Let r(m) = -67*m + 17. What is r(-3)?
218
Let l(y) = -8*y - 132. What is l(-23)?
52
Let n(h) = -5*h**2 + 9*h + 39. Calculate n(-4).
-77
Let r(j) = -j**3 + 20*j**2 - 47*j + 379. Calculate r(11).
951
Let m(v) = -4*v**3 + 17*v**2 - 27*v + 5. Calculate m(6).
-409
Let n(m) = 62*m - 950. Determine n(17).
104
Let s(u) = 758*u + 9862. Calculate s(-13).
8
Let g(o) = o**3 + 4*o**2 - 11*o + 61. What is g(-7)?
-9
Let c(k) = -97*k + 952. Determine c(10).
-18
Let a(k) = -3*k**2 + 89*k - 236. Determine a(27).
-20
Let w(i) = 42*i - 243. Calculate w(6).
9
Let n(q) = -33*q - 768. Calculate n(-22).
-42
Let m(n) = -2*n**2 + 27*n + 202. Determine m(18).
40
Let z(q) = 663*q + 7288. Calculate z(-11).
-5
Let t(d) = -29*d**2 + 176*d - 24. Determine t(6).
-12
Let c(s) = s**2 + 9*s + 4. Determine c(-8).
-4
Let d(n) = -16*n**2 + 2129*n + 127. What is d(133)?
260
Let l(g) = -9*g + 13. Give l(-4).
49
Let r(o) = -26*o - 709. Determine r(-26).
-33
Let u(n) = 2*n - 228. What is u(140)?
52
Let l(u) = u**3 - u**2 + 4*u - 61. Give l(0).
-61
Let m(g) = 47*g + 4685. Calculate m(-100).
-15
Let n(z) = -18*z - 254. What is n(21)?
-632
Let u(f) = 24*f**2 + 144*f - 144. Calculate u(1).
24
Let b(d) = -3451*d - 34506. What is b(-10)?
4
Let x(o) = 21*o + 1629. Determine x(-79).
-30
Let f(a) = -7*a**2 - 129*a + 52. What is f(-18)?
106
Let l(a) = -2*a**3 + 4*a**2 + 5*a - 24. Determine l(-6).
522
Let g(f) = -26*f**2 + 127*f - 104. Calculate g(1).
-3
Let c(k) = -19*k**3 + 550*k**2 + 41*k - 31. Give c(29).
317
Let z(p) = 58*p - 167. What is z(3)?
7
Let p(o) = -2*o**2 - 583*o - 30857. Calculate p(-222).
1
Let v(w) = -27*w - 63. Give v(8).
-279
Let f(n) = 240*n + 7998. Calculate f(-33).
78
Let j(h) = -1026*h - 92338. Determine j(-90).
2
Let m(o) = 9*o**3 - 5*o**2 - 28*o - 67. Give m(-3).
-271
Let f(v) = 2*v**3 - 11*v**2 - 15*v + 76. Determine f(6).
22
Let z(x) = -267*x**2 - 716*x + 715. Determine z(1).
-268
Let z(c) = 158*c - 51. What is z(2)?
265
Let z(i) = 94*i**2 + 297*i + 51. Calculate z(-3).
6
Let z(v) = 86*v - 1191. Determine z(14).
13
Let d(k) = 16*k - 8. Give d(19).
296
Let j(r) = -20*r**2 + 859*r + 26. Give j(43).
-17
Let m(o) = 31*o**2 + 150*o. Give m(-5).
25
Let g(x) = -x**2 + 63*x - 537. What is g(53)?
-7
Let h(z) = -2*z**2 - 325*z - 8448. Determine h(-130).
2
Let b(h) = -69*h**3 + 10*h**2 + 10*h + 2. Calculate b(-1).
71
Let v(a) = -24*a**3 + 31*a**2 + 9*a - 20. Determine v(3).
-362
Let g(m) = -608*m - 7125. Determine g(-12).
171
Let p(k) = -99*k + 2577. What is p(26)?
3
Let u(x) = x**3 - 5*x**2 - x - 8. What is u(6)?
22
Let b(k) = -224*k - 4939. Calculate b(-22).
-11
Let m(h) = -2*h**2 + 49*h - 143. Determine m(17).
112
Let q(g) = g**2 + 376*g - 3860. What is q(10)?
0
Let r(u) = -u**3 - 3*u**2 + 12*u + 49. Calculate r(-4).
17
Let i(s) = -s**3 + 38*s**2 - 314*s + 15. Calculate i(12).
-9
Let x(c) = -c**3 + 4*c**2 + 839*c - 3349. Calculate x(4).
7
Let o(z) = -2*z**2 - 13*z + 259. Calculate o(8).
27
Let x(c) = -c**3 + 102*c**2 - 6*c + 609. Give x(102).
-3
Let h(j) = 19*j**2 + 3*j - 8. What is h(2)?
74
Let k(q) = 26*q + 937. Determine k(-40).
-103
Let q(p) = -2*p**2 + 77*p + 64. Determine q(37).
175
Let p(h) = -4*h**2 + 62*h + 36. Determine p(15).
66
Let b(p) = -p**3 - 8*p**2 + 2*p - 6. Calculate b(-10).
174
Let z(v) = -2*v**2 - 16*v + 31. Determine z(5).
-99
Let z(n) = 2*n**2 + 88*n + 252. Determine z(-41).
6
Let p(h) = h**3 - 57*h**2 - 313*h - 67. Determine p(62).
-253
Let t(b) = 3485*b + 76660. Determine t(-22).
-10
Let c(t) = t**3 + 5*t**2 - 58*t - 86. Calculate c(-10).
-6
Let i(j) = -j**3 + 172*j**2 - 14*j + 2404. Calculate i(172).
-4
Let o(q) = -7*q + 305. Give o(44).
-3
Let g(u) = 4*u**2 + 48*u + 28. Determine g(-12).
28
Let s(m) = 2*m**3 + 52*m**2 + 57*m - 8. Give s(-25).
-183
Let r(v) = -3*v**2 + 13*v + 366. Calculate r(-9).
6
Let b(q) = -q**2 - 117*q - 3408. Wha